= f + 6. Let s be a(0). Suppose -11*x + s*x = 180. Let n = 37 + x. What is t(n)?
12
Let b = 11 + -5. Let t(a) = -6*a + 314. Let f be t(43). Suppose 50*j + b = f*j. Let i(v) = -3*v**3 + 2*v**2 - v. Calculate i(j).
-2
Let m(d) = -d**2 + d - 3. Let l(c) be the first derivative of 9*c**2/2 - 72*c - 1. Let s be l(8). Calculate m(s).
-3
Let p(a) = -2*a + 9. Let j(v) = 3*v - 10. Let z(n) = -3*j(n) - 4*p(n). Let c be 0/(4/2 + -3). Suppose 0 = -3*g + 5*m + 52, c*m = -4*g - 4*m + 16. Give z(g).
-15
Let m(p) = p**3 - 7*p**2 + 5*p + 8. Let i be (2 - (4 + -2))*-1. Let t be (-57 - -1)*(3/(-6) + i). Let h = -22 + t. Give m(h).
2
Let u(d) = -d**3 + 5*d**2 + 26*d - 1. Let m be u(8). Let p(l) = l**2 - 17*l + 25. Give p(m).
-5
Let s(o) = -108*o**2 + 65*o**2 + 46*o**2. Determine s(-1).
3
Let d(p) be the first derivative of -p**2 + 16*p - 11. Let y be d(6). Let t(v) = 5*v - v**2 - 13*v + v + y + 0. What is t(-4)?
16
Let l(y) = 23*y**2 - 23*y - 6. Let t be l(1). Let p(q) = -8*q - 37. Determine p(t).
11
Let h(b) = -b**2 - 36*b + 171. Let u be h(-33). Suppose 0 = 2*g - 32*g - u. Let z(q) = q**2 + 12*q + 21. Give z(g).
-6
Let a be 3 + 11/((-77)/(-105)). Suppose -5*q = -m + 27, 2*q + 2*q - 2*m = -a. Let d(u) = u**3 + 6*u**2 + 2*u + 5. Calculate d(q).
-7
Suppose 744 = -55*p + 249. Let v(w) = -3*w + 9. Determine v(p).
36
Let p(n) = -n - 9. Let v = 57 + 21. Let o = -66 + v. Suppose 9*b = -3*j + 13*b - o, 0 = -2*j - 4*b - 28. Give p(j).
-1
Let b(z) = -z**3 + 9*z**2 - 2. Let v(f) = 8*f + 329. Let r be (5360/(-144) - 2/(-9)) + -3. Let u be v(r). Determine b(u).
-2
Let c be (-22)/(-10) + -3 - (-17)/((-935)/451). Let m(b) be the second derivative of b**5/20 + 3*b**4/4 + 7*b**2/2 + 4*b. Determine m(c).
7
Let m(n) be the second derivative of 2 - 3/2*n**2 - 1/6*n**3 - 1/3*n**4 - 17*n + 1/20*n**5. Give m(4).
-7
Suppose -z = -4*q + 9, -4*z + 6*z - 18 = -4*q. Let k(u) = -4*u - 51 - 41 - 42 + 4*u**2 - u**z + 136. Determine k(5).
-43
Let w(a) = -6 - a**2 + a**2 - a**3 + 3*a**2 + 7*a. Suppose -53*y + 107 = -105. Calculate w(y).
6
Let f(a) = a**3 - 7*a**2 - 7*a - 8. Let q be f(8). Suppose q = 507*r - 508*r - 6. Let s(d) = 3*d - 6*d + 4 + 4*d. Calculate s(r).
-2
Let j(n) = -24*n**3 - 5*n + 4. Let i(r) = 28*r**3 + 6*r - 5. Let u(b) = -5*i(b) - 6*j(b). Suppose -7*y + 6*y - 1 = 0. What is u(y)?
-3
Let l(x) = x**3 - 34*x**2 - 38*x + 99. Suppose 3*z + 456*s = 461*s + 75, z - 5 = 5*s. Determine l(z).
-6
Let v(r) = 27*r + 16 - 31 + 103*r + 60*r - 36*r + 5*r**2. What is v(-31)?
16
Let b(z) be the third derivative of -95*z**4/24 + z**3/3 - 2543*z**2. Calculate b(1).
-93
Let m(o) be the second derivative of o**5/20 + o**4/6 - o**3 - 3*o**2/2 - o - 805. Calculate m(-4).
-11
Let t(j) = 2*j**3 - 17*j**2 - 11*j + 20. Let z be t(9). Let k(c) = 15*c - 2*c**z - 14*c - 14*c + 5. Calculate k(-7).
-2
Let w(d) = d**3 - 4*d**2 - 5*d - 3. Let n be -4 + (10 - 4/1). Suppose n = 2*c - 8. What is w(c)?
-3
Let x be ((-9)/11)/(6/4) + 94/132. Let p(o) be the third derivative of 0*o + x*o**4 + 0 - 10*o**2 - 1/3*o**3 + 1/60*o**5. What is p(-4)?
-2
Let j = -20 - -19. Suppose -3*s + 8*s = -k + 6, 3*s - k - 10 = 0. Let l(a) = a**2 + 524 - 523 + s*a - 3*a**2. Calculate l(j).
-3
Suppose -k - 1 = -2. Suppose -3 = -h - k. Let b(a) = -a**2 + 3*a**h + 5*a - 4 + 0 - a**2. Calculate b(-5).
-4
Let u(m) = 141551*m**2 - 141550*m**2 + 15*m + 9 + 9. Suppose 11 = -k - 3. Determine u(k).
4
Let o(f) = 710*f - 309*f - 323*f + 105. Let h(y) = 15*y + 21. Let p(d) = 21*h(d) - 4*o(d). What is p(-7)?
0
Suppose -2*m - 3*t - 7 = -m, -6 = 2*t. Let z(f) = 64*f**2 + f**3 - 5*f - 57*f**2 - 4*f - m. Give z(-8).
6
Let x(o) = -7*o**3 - 13*o**2 + 4*o - 21. Let a(b) = -b**3 + b**2 + b + 2. Let y(v) = 6*a(v) - x(v). Determine y(-19).
-5
Suppose -4*r = 3*x - 5*x - 22, 3*x = 2*r - 17. Let c(o) = o + 1. Let i(b) = 3*b + 10. Let a(t) = -4*c(t) + i(t). Calculate a(r).
2
Let o(u) = -10. Let x(a) = 2*a + 7. Let h(y) = -2*o(y) - 3*x(y). Let c be 1 + 45/(-25) - 11/5. Determine h(c).
17
Let d(u) = 8*u + 62. Let a = -775 + 768. Calculate d(a).
6
Suppose -2*l + 390 = 382. Let p be 2*(-6*1/(-2) - l). Let k(s) = -s**3 - 2*s - 4. What is k(p)?
8
Let i be ((-2)/(-4))/(2/16). Let v(m) be the second derivative of 2*m + 0*m**3 + m**2 - 2 + 1/12*m**4. Determine v(i).
18
Let r = 7773 + -7780. Let w(v) = 16*v + 55. Give w(r).
-57
Let j(o) = -10*o + 7*o**2 - o**3 + 11*o - 5*o**2 + 3*o**2. Let u(y) = -1. Let q(m) = -m - 2. Let t(l) = -q(l) + 3*u(l). Let d be t(6). Determine j(d).
5
Let a = 3 - 1. Suppose 14*x + a = 16. Let c(o) = 2*o**2 - 2*o + 1. What is c(x)?
1
Let a(s) = -3*s - 12 - 12 - 6 - 10 - s. What is a(-12)?
8
Let d(v) be the first derivative of -v**3/6 + 5*v**2 - 43*v + 1. Let f(n) be the first derivative of d(n). Calculate f(7).
3
Suppose 9*b - 14*b = -280. Let u = -57 + b. Let n(m) = -5*m + 1. Give n(u).
6
Let r(s) = s**3 - 2*s**2 + 3*s - 3. Suppose 186 = 5*d + 176. Give r(d).
3
Let s(v) = -59*v - 2360. Let b be s(-40). Let w(g) be the third derivative of -1/12*g**4 + b + 0*g + 1/6*g**3 - 3*g**2. Determine w(-4).
9
Let q(u) be the first derivative of u**2/2 - 19*u + 3843. Determine q(9).
-10
Let r(n) = n**2 + 6*n - 5. Let w be r(-8). Suppose o - z - 13 = 0, o - 2*z + 3*z = w. Let b be -2*1/4*o. Let y(m) = m**2 + 8*m + 7. What is y(b)?
-5
Suppose t + 4 = 2. Let c(s) be the second derivative of -s**4/8 - s**3/2 - 12*s**2 - 2*s + 4. Let l(g) be the first derivative of c(g). What is l(t)?
3
Let j(b) be the first derivative of -13*b**3/6 - b**2/2 + 65*b - 73. Let f(p) be the first derivative of j(p). Give f(1).
-14
Let b(n) be the second derivative of n**4/12 - 11*n**3/6 - 77*n**2/2 + n + 5168. What is b(15)?
-17
Let m(b) = b**2 + 3*b + 5. Suppose 0 = 3*z - 0 - 9. Suppose -2*r = -4*j - 68, -2*r - 10 = z*j - 85. Let i = -40 + r. Give m(i).
9
Let z(p) = -p**3 - 3*p**2 + p - 8. Let m be z(-6). Let t(v) = v**3 - m*v - 4 + 11 + 7*v**2 + 48*v + 51*v. Give t(-6).
13
Let p(h) be the second derivative of h**3/6 - 10*h**2 + 1346*h. Give p(4).
-16
Let m be 12*((-1100)/1500 - (-2)/5). Let z(o) = -5*o**2 - 23*o - 7. Determine z(m).
5
Suppose 12*d - 32*k + 34*k = -84, -k = -4*d - 28. Let m(v) = 5*v - 3*v - 3*v. Give m(d).
7
Let u(n) = -5*n**2 + n - 2. Let q be (-95)/(-3) + -3 + (-140)/(-42). Let j be (-40)/(-140) - q/14. Give u(j).
-24
Let x be (-5 + -2 - 3)*-1 - 5. Let i(c) = -c**2 - 2*c + 39. Let g be i(x). Let j(n) = -n**2 + 6*n - 3. Give j(g).
5
Let v(h) = 89*h**2 - 26*h + 56. Let p be v(2). Let n = p - 352. Let b(f) = -f**2 + 7*f + 3. Determine b(n).
-5
Let y(r) = -r**2 - r - 1. Suppose -19*p - 4 = -23. Let q(w) = w**2 - w - 1. Let h be q(p). Give y(h).
-1
Let w(z) = -z**3 + 6*z**2 + 4. Let r(v) = v**2 - 23*v - 46. Let y(g) = -g**2 + 22*g + 45. Let p(f) = 3*r(f) + 2*y(f). Let u be p(27). Determine w(u).
4
Let s(j) = 4*j + 3. Let h be s(-2). Let c(i) be the second derivative of 5/6*i**3 + 2*i**2 + 2 + 111*i. Calculate c(h).
-21
Let q(z) = 11*z - 2. Let y(f) = 24*f - 19. Let u(h) = 3*q(h) - y(h). Determine u(-7).
-50
Let s(u) = 2*u**2 + 11*u + 11. Let b be s(-5). Let n(f) = -5*f**2 + 0*f - 3*f + f**3 + 4 + 0*f. Give n(b).
22
Suppose -4*w + 17 = 2*r - 1, 0 = -2*r + 2*w + 18. Suppose v - 3 = 4*q + r, 2*q + 4 = v. Let z(i) = 4 - 3 + i**2 + 4*i + 0*i + 2*i. Give z(q).
-7
Let d(j) = -j**3 + 6*j**2 + 2. Let k(a) = -7*a + 56. Let i be k(4). Suppose 5*l - 2*n = i, -n - 5 = -2*l + l. Calculate d(l).
2
Let k(h) be the third derivative of 1/8*h**4 - 7*h**2 + 0*h + 1/120*h**5 - 1/360*h**6 + 0 + 2*h**3. Let j(t) be the first derivative of k(t). Determine j(4).
-9
Suppose -4*h + 2 = 14. Let q(u) = u + 2. Let m be q(h). Let i(f) = -14*f**2 + 2*f - 2. Let k(a) = 41*a**2 - 6*a + 5. Let g(b) = -8*i(b) - 3*k(b). Give g(m).
-12
Let g = 16 - 9. Let x be (g/2 - 5)/((-1)/2). Suppose -4*k + 14 = -2*b + x*b, -4*k + 16 = 2*b. Let j(s) = -7*s + 3. Calculate j(k).
-18
Let t(b) = -374*b**2 + 5*b + 19. Let r(c) = 436*c**2 - 6*c - 20. Let n(q) = -6*r(q) - 7*t(q). Give n(6).
65
Let q(h) be the third derivative of h**6/120 - h**5/12 - h**4/4 + h**3/6 - 5*h**2 + 74. Give q(6).
1
Let n = -16496 + 16494. Let d(u) = 4*u**3 + u - 1. What is d(n)?
-35
Let x(w) be the second derivative of -w**5/20 + 2*w**4/3 - 4*w**3/3 + 5*w**2/2 + 11*w. Let l = -1233 + 1240. Give x(l).
-2
Let a(g) be the third derivative of 0 + 0*g